 - (19 - 43) - (1 - 36 - -2).
26
-222 - -210 - (0 + -6)
-6
Calculate -5 + (18 + -11 - -6).
8
Calculate -3 + 7 + -1 + 13 + -4.
12
-27 - (-37 - -61 - 24)
-27
Calculate -10 + -2 + 10 + -8.
-10
(-3 + 6 - (-4 + 1)) + (0 - 17)
-11
(-6 - 14) + (3 + -5 - 4) + 4
-22
Calculate -2 + -1 + 9 + 3 + -1 + -5.
3
Calculate -92 + 61 + 20 + -2 + 0.
-13
What is -10 + (15 - -2) + 22 - (-3 + -5)?
37
-18 - (-23 + -1) - (13 + (2 - 2))
-7
Calculate 2 + (-6 - (26 - (18 - 5))).
-17
11 - (-13 - (-17 - 1))
6
(2 - -7) + (-8 - -2) + -8 + 13
8
What is -14 + (14 - 18 - (2 - (-2 + 2)))?
-20
What is the value of (27 - 41) + 46 - 50?
-18
-6 + 16 + 3 + -29 + 11
-5
Calculate -30 - (-20 - 16) - (-3 - 1).
10
Calculate 56 + -33 - (13 - -14).
-4
What is the value of (-16 - -29) + -30 - -15 - -7?
5
What is the value of -1 + (-8 - (-6 + 14))?
-17
Calculate (3 - 14) + -2 + 10 + -15 + 7.
-11
(0 - -1 - -35) + 48 + -89 + 37
32
30 - -12 - (59 - 34)
17
Evaluate -18 - (-39 + 36 - (3 - 0)).
-12
Calculate -3 - 3 - (7 - 8 - 6) - 11.
-10
Calculate -158 + 134 - (-7 - -1).
-18
What is -10 + 2 + 5 - (-1 - -8 - 0)?
-10
Calculate -8 + 1 - (64 + -59).
-12
What is the value of -4 + 25 + (-9 - -18) - (0 + 9)?
21
What is the value of (2 - -28 - 84) + 24?
-30
What is the value of 31 + -20 + (2 - 9) + 7 + -1?
10
What is (-4 + -12 - -9) + 1?
-6
What is the value of 1053 + -1051 + (-2 - -2 - (-2 - -15))?
-11
Evaluate -50 - (-16 - 21 - 3).
-10
Evaluate (2 - (-21 - -14)) + 3.
12
What is the value of -7 + (46 - (19 - 8) - 6)?
22
Evaluate -2 - (-8 + (4 - 1)) - (-1005 - -1032).
-24
What is the value of 28 + (10 - (8 - -14))?
16
Evaluate -11 + -16 - -5 - (2 + -12 + -1).
-11
Evaluate (-17 + 58 - 54) + 17.
4
What is the value of 8 + -20 + (3 - (-27 - 4))?
22
Evaluate 7 - (36 - 2 - (-2 + (13 - 7))).
-23
Evaluate -3 + (11 - 5) + 4 + 3 + -17.
-7
Calculate (560 - 568) + -1 + 14.
5
Evaluate -2 - ((-5 - (1 - 10)) + (-2 - 5)).
1
Evaluate 5 + -9 - (5 - (-7 + 12 + 0)).
-4
Evaluate -12 - (-3 - (3 + 1)).
-5
What is 16 + (-27 - 3 - (-31 + 20))?
-3
What is 3 + -9 + 3 + 13 - (-450 - -454)?
6
-14 + (4 - (8 + 4) - (-19 - -15))
-18
-9 - (-5 + (6 + -48 - -1))
37
Calculate 0 - 0 - (-34 - -11) - 9.
14
What is 5 - 14 - (2 + (-5 - -1))?
-7
What is the value of 17 + (12 - 22 - (7 - 20))?
20
-36 + 39 - (14 - 0)
-11
What is the value of -10 + 45 + (1 - 0) + (77 - 77)?
36
-2 + (-20 - -14) + 18
10
What is the value of -26 + (1 - -8 - 6) - -8 - 6?
-21
Calculate -14 - (-19 + 30 - 27).
2
Evaluate (0 - (28 + -16)) + 5 + 8.
1
Evaluate 2 - -30 - 24 - 14.
-6
What is the value of 21 - 29 - (1 - 6)?
-3
What is the value of -6 + 3 - (23 + -14)?
-12
Calculate (-1 - -4 - 8) + 18 + (0 - 3).
10
What is the value of (-2 - -4) + -30 + 25 + 15 + -1?
11
-13 - -12 - (7 - 17)
9
What is -11 - (-3 + -29 + 23)?
-2
What is 1 - 3 - -15 - (-47 + 36)?
24
Evaluate 1 + 9 + (-14 - -9) - -4.
9
2 - (9 + -37 - -57)
-27
Evaluate 22 + -38 - (5 + 2 + 4).
-27
Calculate (5 - 10) + (-13 + 52 - 18).
16
Evaluate 8 + -15 + -6 - -29.
16
Evaluate -159 + 149 + (-2 - -5) - (-13 + -1).
7
Evaluate (-1 + 34 - 47) + 30.
16
Calculate -41 + (39 - (9 + 17)).
-28
Calculate -2 + -6 + (127 - 107 - (0 + 3)).
9
Evaluate -45 + (36 - 32 - -15).
-26
Calculate -5 + (14 - (-3 - -3)).
9
Evaluate (1 - (2 + 2)) + 34 + (-38 - 25).
-32
Evaluate 0 - 2 - (-53 - -49) - (1 + -10).
11
What is -10 + 26 + -34 - (-8 - 18)?
8
What is the value of -626 + 633 + 0 + -26 + 3?
-16
17 + -37 + 32 - 3
9
(-1 - -5) + (-16 - -10) + 12
10
Evaluate 195 - 205 - (-6 - 2 - -1 - -2).
-5
Evaluate -7 - -11 - 21 - -29.
12
What is (2 - -15) + -22 + 45 + -36?
4
Calculate (5 - (10 - 4)) + 1 - -8.
8
What is the value of 13 + (-22 - (12 - 3)) - -2?
-16
Evaluate -5 + -6 + 10 + -19 + 16.
-4
Evaluate (1 - 22) + (11 - 3).
-13
What is (11 - (24 - 14)) + (1 + 1 - -5)?
8
Calculate -5 + (10 + 2 + -6 - -12) - 6.
7
What is 7 + -14 + -7 - (12 - 9)?
-17
Evaluate 11 - 44 - (3 + -29).
-7
What is -2 + (0 - 23) - -12?
-13
What is the value of 1 - (-4 - -1) - -7 - (461 + -429)?
-21
-9 - 3 - (12 - (6 + -3))
-21
What is the value of -11 + (9 + 8 - 9) + -1?
-4
What is -3 - 1 - (8 - (-2 - -12 - 2))?
-4
What is -2 - 0 - (-2 + (-20 - -9) - -27)?
-16
What is the value of (-30 - -12 - 0) + 19?
1
Evaluate -140 - -177 - (-8 - -27).
18
What is the value of 22 + 5 + -43 + -3?
-19
What is the value of 17 + (-19 + 14 - 5)?
7
Calculate (-1 - (5 - 2)) + 3 + -4.
-5
What is the value of 2 + -5 - -7 - 26?
-22
Calculate 13 + 4 + 2 + (-45 - 2).
-28
218 + -182 + (-4 - 4)
28
Calculate -7 + (11 - -7) + -13.
-2
Evaluate 324 - 313 - (2 + 10).
-1
Calculate (8 - 3) + (49 - 44).
10
What is the value of (-2 - -3) + (8 + -17 - (1 + 2))?
-11
Evaluate -11 + -3 + 1 + 7.
-6
What is the value of 5 + -6 - (4 + -24 - -11)?
8
Calculate 4 + (-5 - (-1 - 8)) + -9.
-1
Evaluate (-38 + 50 - (0 - (1 + -1))) + -3.
9
What is -6 - (-3 - (2 + 0))?
-1
What is -4 + (-106 - -103) + 0 + 16?
9
What is the value of -7 - (-1 + 8 - (1 - 11 - -35))?
11
Evaluate -23 - (0 + -9 + 7 + -5).
-16
Evaluate 0 + -5 + -13 + (-13 - -10 - -20).
-1
Evaluate (-11 - -5) + 10 - (3 - 1).
2
What is 1 + 5 - (2 + (-12 - (-3 - 2)))?
11
What is -9 - (-22 + 8 - -7)?
-2
What is (-3 - (25 + -18)) + 25 - (0 + 5)?
10
(-7 - -4) + 3 + -15 + 16 + 3
4
0 - 9 - 0 - (35 + (16 - 54))
-6
8 + 9 + -9 + 0 - 2
6
Calculate 119 + -143 - (1 + 16).
-41
What is the value of 17 - -2 - (3 + -1) - 6?
11
Evaluate -8 + -14 + 40 + -15.
3
What is the value of 18 - 3 - 2 - ((12 - 3) + -4)?
8
Calculate 1 - (0 + 17 + -66 + 59 + 8).
-17
What is the value of 0 - (0 + (-4 - -15) + -5 + -6)?
0
Evaluate (17 + -11 - -6) + -14.
-2
What is (4 - 15) + 13 + 0 + 9?
11
Evaluate 29 - (10 - (19 + -24)).
14
Evaluate -11 + (9 - (11 + -5)).
-8
Evaluate (27 - 18 - (-2 - -11)) + -8 + 12.
4
Evaluate (-16 - -15) + 5 - (-1 + 3).
2
Evaluate 9 - ((7 - (-2 - -7)) + 3).
4
What is the value of (-4 - -8 - -6) + -28 + 3 + -15?
-30
(0 - -13 - 11) + 2
4
Evaluate -17 + -12 + 1 + (48 - 18) + -25.
-23
Calculate -3 + 10 + 1 - (-23 + 32 - 16).
15
Evaluate 2 + -3 + (-2 + 2 - (11 - 4)).
-8
What is 106 - 96 - (1 + (-4 - 3))?
16
Calculate -4 + 7 + -5 + -6 + 6 - 3.
-5
What is -4 - 4 - (-32 + 14)?
10
What is (38 - 13 - 10) + 8 + -6 + 5?
22
Evaluate (-2 - 2 - 8) + -3 + 7.
-8
Calculate -10 + 3 + (-7 - -6).
-8
Calculate -28 + 44 - (-2 - (-12 + 3 - 2)).
7
Evaluate 3 + -1 - 0 - (2 - -5).
-5
-4 + (0 - 5 - -10) - (18 - -2)
-19
What is the value of (-8 - (7 - (0 + 8))) + 12?
5
Calculate (2 - 2) + 2 - -24 - (658 + -661).
29
What is -27 - (-79 - -40 - -35)?
-23
-7 - (-105 - -98 - (-1 - -1 - 22))
-22
What is the value of -18 + 7 - -16 - (11 + -10)?
4
What is the value of 3 + 1 + (12 + 8 - 28) + -9?
-13
What is the value of 1 - -2 - ((3 - -23) + -31)?
8
Evaluate 44 - (29 + 3) - (4 - (2 - 1)).
9
Evaluate -4 - (-7 + 0 + 0 + (7 - 11)).
7
What is the value of (-67 - (33 + -55)) + 22?
-23
What is -1 + (1 - 8) - (-990 - -989)?
-7
What is 45 + (-46 - 56) - -25?
-32
Evaluate -15 + -26 + 31 + (0 - 14).
-24
What is the value of (3 - (-5 - 1)) + -14 + -2?
-7
Calculate 2 - (2 + (-10 + 1 - -12 - 4)).
1
Evaluate -8 + 7 + -5 + 3.
-3
What is (12 - 29 - (-7 - -1 - 0)) + -7?
-18
What is the value of 0 + -7 + -11 - -7?
-11
What is 18 + (-21 - (-45 - -22))?
20
Calculate 20 - ((-6 - -11 - 4) + 6).
13
What is the value of (0 - -23) + 1 + 36 + -13 + -31?
16
What is (23 - (-11 - -49)) + 44?
29
Calculate 3 - (6 - (-3 + -3 - -15) - 9).
15
What is -3 - ((-20 - -14) + 8)?
-5
(-13 - -15) + 2 + 3 + -19 - 3
-15
(0 - -22) + -9 + (-5 - -11 - -6)
25
11 - (-6 + -5 - -3 - (-7 - 1))
11
Evaluate (4 - -4 - -4) + (-4 - -9).
17
What is 9 + (20 - 19) - 24?
-14
What is the value of -3 + -12 - -16 - (0 + 2) - -21?
20
1 - -26 - 0 - (70 + (-105 - -34))
28
What is -23 - (-7 - 6) - -16?
6
Evaluate (-8 - -12) + 0 + -5 + 1.
0
(10 - (31 + -11) - (-9 + 5)) + -13
-19
Evaluate 10 + -15 + (-5 - 0) + 3 + 19.
12
1166 + -1172 - (2 + (1 - 1) + -10)
2
What is the value of -92 - -91 - (0 + 1)?
-2
(2 - (8 + (1 - 10))) + 9
12
-1 + -14 - (16 - 23)
-8
What is the value of 17 - (50 - 24) - -21?
12
What is the value of (7 + 2 - 6) + -2 - 7?
-6
10 + 0 + 54 + -53
11
Evaluate -5 - -1 - (2 + 5 + -13).
2
Evaluate -19 - (-63 - -16) - 14.
14
What is the value of (-11 - 1) + -6 + 18?
0
Evaluate -15 + (-6 - (-2 + -5)) + (-4 - 0).
-18
Evaluate -6 + (-17 - -6) + (-10 - 2).
-29
Evaluate (0 - -14) + (